hen 147 is divided by 89.
58
What is the remainder when 409 is divided by 25?
9
What is the remainder when 241 is divided by 61?
58
Calculate the remainder when 28 is divided by 15.
13
Calculate the remainder when 128 is divided by 99.
29
Calculate the remainder when 179 is divided by 84.
11
What is the remainder when 14783 is divided by 192?
191
Calculate the remainder when 221 is divided by 52.
13
What is the remainder when 76 is divided by 12?
4
What is the remainder when 125 is divided by 19?
11
What is the remainder when 585 is divided by 90?
45
Calculate the remainder when 848 is divided by 5.
3
What is the remainder when 422 is divided by 66?
26
Calculate the remainder when 129 is divided by 19.
15
What is the remainder when 527 is divided by 24?
23
What is the remainder when 858 is divided by 41?
38
What is the remainder when 151 is divided by 58?
35
Calculate the remainder when 605 is divided by 76.
73
Calculate the remainder when 835 is divided by 24.
19
Calculate the remainder when 3518 is divided by 64.
62
What is the remainder when 52 is divided by 30?
22
Calculate the remainder when 767 is divided by 151.
12
What is the remainder when 1277 is divided by 18?
17
What is the remainder when 213 is divided by 36?
33
Calculate the remainder when 782 is divided by 278.
226
What is the remainder when 162 is divided by 82?
80
What is the remainder when 152 is divided by 58?
36
What is the remainder when 1216 is divided by 134?
10
Calculate the remainder when 1403 is divided by 106.
25
Calculate the remainder when 38 is divided by 14.
10
What is the remainder when 88 is divided by 47?
41
What is the remainder when 172 is divided by 155?
17
What is the remainder when 436 is divided by 142?
10
What is the remainder when 443 is divided by 56?
51
What is the remainder when 139 is divided by 29?
23
What is the remainder when 413 is divided by 135?
8
Calculate the remainder when 171260 is divided by 14.
12
What is the remainder when 745 is divided by 9?
7
Calculate the remainder when 495 is divided by 158.
21
What is the remainder when 1384 is divided by 39?
19
Calculate the remainder when 178 is divided by 64.
50
What is the remainder when 288 is divided by 5?
3
What is the remainder when 65 is divided by 42?
23
Calculate the remainder when 198 is divided by 5.
3
What is the remainder when 767 is divided by 19?
7
Calculate the remainder when 850 is divided by 24.
10
Calculate the remainder when 800 is divided by 264.
8
Calculate the remainder when 3253 is divided by 155.
153
What is the remainder when 96 is divided by 85?
11
What is the remainder when 15267 is divided by 23?
18
What is the remainder when 1129 is divided by 74?
19
Calculate the remainder when 110 is divided by 59.
51
Calculate the remainder when 91 is divided by 89.
2
What is the remainder when 345 is divided by 25?
20
Calculate the remainder when 469 is divided by 53.
45
Calculate the remainder when 5681 is divided by 15.
11
Calculate the remainder when 16798 is divided by 168.
166
What is the remainder when 308 is divided by 24?
20
What is the remainder when 285 is divided by 58?
53
Calculate the remainder when 6298 is divided by 14.
12
What is the remainder when 5926 is divided by 156?
154
What is the remainder when 282 is divided by 24?
18
What is the remainder when 516 is divided by 71?
19
Calculate the remainder when 2274 is divided by 373.
36
What is the remainder when 6506 is divided by 105?
101
What is the remainder when 263 is divided by 19?
16
What is the remainder when 104 is divided by 27?
23
What is the remainder when 1622 is divided by 181?
174
What is the remainder when 561 is divided by 278?
5
Calculate the remainder when 541 is divided by 15.
1
Calculate the remainder when 8019 is divided by 191.
188
Calculate the remainder when 102 is divided by 30.
12
What is the remainder when 39 is divided by 22?
17
What is the remainder when 538 is divided by 18?
16
Calculate the remainder when 227 is divided by 29.
24
Calculate the remainder when 52 is divided by 14.
10
What is the remainder when 7138 is divided by 152?
146
Calculate the remainder when 479 is divided by 59.
7
What is the remainder when 10 is divided by 3?
1
What is the remainder when 200 is divided by 5?
0
Calculate the remainder when 308 is divided by 27.
11
Calculate the remainder when 554 is divided by 93.
89
What is the remainder when 309 is divided by 26?
23
Calculate the remainder when 406 is divided by 37.
36
What is the remainder when 3663 is divided by 4?
3
What is the remainder when 361 is divided by 11?
9
Calculate the remainder when 403 is divided by 22.
7
What is the remainder when 1419 is divided by 9?
6
Calculate the remainder when 1478 is divided by 20.
18
What is the remainder when 17 is divided by 11?
6
Calculate the remainder when 11829 is divided by 204.
201
Calculate the remainder when 521 is divided by 45.
26
Calculate the remainder when 675 is divided by 12.
3
Calculate the remainder when 3154 is divided by 629.
9
Calculate the remainder when 430 is divided by 146.
138
What is the remainder when 16 is divided by 9?
7
What is the remainder when 982 is divided by 944?
38
Calculate the remainder when 246 is divided by 60.
6
Calculate the remainder when 412 is divided by 23.
21
Calculate the remainder when 171 is divided by 16.
11
What is the remainder when 120 is divided by 16?
8
Calculate the remainder when 725 is divided by 130.
75
What is the remainder when 2414 is divided by 161?
160
Calculate the remainder when 65 is divided by 18.
11
What is the remainder when 204 is divided by 14?
8
Calculate the remainder when 50 is divided by 13.
11
Calculate the remainder when 375 is divided by 30.
15
Calculate the remainder when 1677 is divided by 8.
5
Calculate the remainder when 86 is divided by 18.
14
Calculate the remainder when 648 is divided by 50.
48
What is the remainder when 134 is divided by 55?
24
Calculate the remainder when 275 is divided by 128.
19
What is the remainder when 961 is divided by 102?
43
Calculate the remainder when 888 is divided by 33.
30
Calculate the remainder when 152 is divided by 71.
10
Calculate the remainder when 182 is divided by 182.
0
Calculate the remainder when 679 is divided by 76.
71
What is the remainder when 201 is divided by 62?
15
Calculate the remainder when 488 is divided by 41.
37
What is the remainder when 566 is divided by 54?
26
Calculate the remainder when 1187 is divided by 11.
10
What is the remainder when 463 is divided by 132?
67
What is the remainder when 322 is divided by 174?
148
Calculate the remainder when 53 is divided by 19.
15
Calculate the remainder when 411 is divided by 140.
131
What is the remainder when 16 is divided by 11?
5
Calculate the remainder when 859 is divided by 52.
27
What is the remainder when 140 is divided by 3?
2
Calculate the remainder when 1092 is divided by 36.
12
What is the remainder when 671 is divided by 42?
41
Calculate the remainder when 748 is divided by 94.
90
Calculate the remainder when 703 is divided by 120.
103
Calculate the remainder when 92 is divided by 32.
28
Calculate the remainder when 7324 is divided by 7.
2
Calculate the remainder when 522 is divided by 137.
111
What is the remainder when 164 is divided by 42?
38
What is the remainder when 305 is divided by 22?
19
What is the remainder when 1098 is divided by 546?
6
What is the remainder when 350 is divided by 186?
164
Calculate the remainder when 414 is divided by 103.
2
What is the remainder when 108 is divided by 1?
0
Calculate the remainder when 2017 is divided by 204.
181
Calculate the remainder when 299 is divided by 44.
35
What is the remainder when 520 is divided by 170?
10
Calculate the remainder when 6833 is divided by 134.
133
Calculate the remainder when 305 is divided by 39.
32
What is the remainder when 8799 is divided by 220?
219
Calculate the remainder when 662 is divided by 19.
16
What is the remainder when 103 is divided by 4?
3
Calculate the remainder when 3599 is divided by 20.
19
What is the remainder when 1391 is divided by 5?
1
What is the remainder when 2548 is divided by 283?
1
Calculate the remainder when 47 is divided by 13.
8
Calculate the remainder when 320 is divided by 312.
8
Calculate the remainder